
Suppose -2*m + 3*m + 2*b = 17, -m + 52 = -5*b. Calculate the highest common divisor of 189 and m.
27
Let z be 6/(-4) - 9/(-2). Suppose 18 = z*b - 2*b. Calculate the highest common divisor of 18 and b.
18
Let c = 13 + -6. Let m be 306/c + (-12)/(-42). Calculate the highest common factor of 22 and m.
22
Let n = -12 - -47. Suppose -5*r + 25 = -n. What is the greatest common factor of r and 8?
4
Let y = 11 + -7. Let v be 2/(3/((-9)/(-2))). Suppose 4*n = v*n + 4. What is the greatest common factor of n and y?
4
Let a(s) = -s + 4. Let q be a(-5). Calculate the highest common factor of 1 and q.
1
Suppose 2*o = -4*a + o + 393, 0 = 5*a - 2*o - 501. What is the highest common divisor of 9 and a?
9
Suppose n - 23 = -2. Calculate the highest common factor of n and 3.
3
Suppose 2*q - 4*s - 72 = q, 0 = 3*q - 5*s - 237. What is the highest common divisor of 56 and q?
28
Let q be 3 + 27/(-12) + 42/8. What is the greatest common divisor of q and 8?
2
Let d = 75 - 21. Calculate the greatest common factor of 6 and d.
6
Let v(j) = -12*j - 7. Let s be v(-7). Let y be (-2 - -1)*42/(-6). What is the highest common factor of s and y?
7
Suppose 5 + 25 = m. Suppose 0*a + 2*a - m = 0. Calculate the highest common divisor of a and 3.
3
Suppose 0*f + 16 = 4*f. Let j be ((-42)/f)/(2/(-4)). Let l be 0 + 0/(-1) + 63. Calculate the highest common factor of l and j.
21
Let v be (-2 + 3)*(0 - 0). Suppose -3*w - 163 = -r, v = -w - 0*w - 4*r - 50. Let n = w - -126. Calculate the highest common divisor of n and 12.
12
Let l = 23 + -9. Let z = l + -10. Calculate the greatest common divisor of z and 1.
1
Suppose -w + 20 = -0*w. Let a be -9*(5/3 - 1). Let g = a + w. Calculate the greatest common factor of g and 56.
14
Let i = 75 - 72. Let s(g) = 3*g + 1. Let w be s(1). Suppose w*m - 3*v = 36 - 15, -2*v = m + i. What is the highest common factor of 21 and m?
3
Suppose -3*v + 8 = -7. Suppose t - 2*i - v = 3*i, -10 = -2*t + 3*i. Suppose -t*k + 70 = -0*k. Calculate the highest common divisor of k and 21.
7
Suppose 3*z + 13 = 4. Let y be 1 + z - (-64 + 2). Calculate the greatest common divisor of y and 40.
20
Suppose -2*v = -4*n - 660, 4*n + 3 = n. Calculate the highest common factor of v and 41.
41
Let b be (-4 - -5)*-1 + 43. What is the greatest common factor of b and 14?
14
Let f be (-32)/(-12)*6/4. Suppose -45 - 87 = -3*s. Calculate the highest common factor of s and f.
4
Suppose -5*y = 2*s - 0*y - 64, -5*y = 3*s - 91. What is the highest common divisor of 216 and s?
27
Suppose 5*j = 3*j - 4. Let t be (j + 3)*15 + 1. Suppose -4*s + 25 = 3*u - 48, 0 = -5*s + 2*u + 74. Calculate the highest common divisor of t and s.
16
Suppose 2*x + 3*x + 115 = 0. Let g = -10 - x. Calculate the greatest common factor of 117 and g.
13
Suppose 0 = 5*q + 3*q - 24. Let t(d) = -d**3 - 5*d**2 - d - 2. Suppose v + 2*v = -15. Let s be t(v). What is the highest common divisor of q and s?
3
Let z be (-2*(-1)/(-6))/((-11)/198). What is the highest common factor of 6 and z?
6
Suppose 0 = 2*d + y - 464, -5*d - 2*y + 558 = -604. What is the highest common factor of d and 18?
18
Suppose 5*z = -q + 18, -2*z - z - 2*q + 15 = 0. Let m be -18*(0 + z/(-9)). Suppose -2*u = -m*u + 68. What is the highest common divisor of 17 and u?
17
Let j(l) = 2*l**2 - 12*l + 6. Suppose 36 = 3*h + h. Let y be j(h). Let i(q) = 3*q**2 + 2*q - 1. Let z be i(2). What is the highest common divisor of y and z?
15
Let f(c) = 10*c + 2. Let h be f(-1). Let g = -34 - -61. Let y = g + h. Calculate the greatest common divisor of 95 and y.
19
Let w(f) = f**2 + 2*f**3 + 3*f + 2*f**3 - 2 + 3*f**3. Let d be w(2). Calculate the greatest common divisor of 8 and d.
8
Let r be ((-4)/(-4) - 0)*-3. Let q(n) = n**2 - 3*n - 2. Let v be q(r). Calculate the greatest common factor of 16 and v.
16
Let j(l) = -l**3 + 3*l**2 - 2*l + 3. Let x be j(2). What is the greatest common divisor of x and 9?
3
Suppose 0 = 2*z + 2*u - 16 - 14, -u + 63 = 5*z. What is the highest common factor of z and 4?
4
Let t be 30/(-4)*24/(-20). Let v = -3 + t. Suppose z + 4*z - 10 = 0. What is the highest common divisor of v and z?
2
Let u = -1 - -5. Suppose -4*j + o = -u, -4*j + o - 2 = -3*j. Let t(v) = 3*v - 1. Let s be t(j). What is the greatest common factor of s and 45?
5
Let f(d) = -d + 32. Let x be f(0). Calculate the highest common factor of x and 48.
16
Let p(s) = -s - 9. Let u be p(7). Let b = u - -24. Calculate the greatest common divisor of 2 and b.
2
Let o be 2/14 - 408/(-84). Suppose 3*p - 6*p = -75. Calculate the highest common factor of p and o.
5
Let f be 8/20 + (-796)/(-10). Suppose -f = -3*d + 1. What is the highest common divisor of 18 and d?
9
Suppose 2*d = -d + 9. Calculate the highest common factor of d and 9.
3
Suppose -154 = -g - 3*a, 5*g + 0*g = 5*a + 810. Suppose 5*s - g = -3*y, 2*y - 4*y = 5*s - 110. What is the highest common divisor of 5 and y?
5
Let a be (-2 - -4)*(-2)/((-8)/26). Let c(l) = -l**3 + 13. Let n be c(0). Calculate the greatest common factor of n and a.
13
Let m be 0/2 - -2 - -1. Suppose 0 = m*a - 41 - 148. What is the highest common factor of a and 7?
7
Let j be 2*((-21)/(-1))/3. Let d = j + 0. Calculate the greatest common factor of d and 21.
7
Let x(g) = -g**3 + 3*g**2 - 1. Let f be x(1). Let j be (-1*3)/(f/(-5)). What is the greatest common divisor of j and 75?
15
Suppose -3*v + 202 + 370 = 4*q, 3*v - 292 = -2*q. Calculate the greatest common factor of 20 and q.
20
Suppose 2*o - 6 = 4*o. Let n be ((-3)/(9/o))/1. Let r be 17 - 6 - 2*n. Calculate the greatest common divisor of 9 and r.
9
Let s(c) = -c**2 + 15*c - 13. Let w be s(14). What is the greatest common divisor of 2 and w?
1
Suppose 4*g = 20, -5*y - 3*g + 52 - 2 = 0. Let q(r) = -3*r - 2. Let w be q(-10). What is the greatest common factor of w and y?
7
Suppose -2*w + 13*w - 2057 = 0. Calculate the highest common factor of w and 17.
17
Suppose z = 5*x - 11, 2*z - 7*z = -5*x - 5. Let y be 37 + -2 + x + 2. Let p be y/18 - 2/9. What is the highest common factor of 3 and p?
1
Suppose 9 = 4*a - 31. What is the greatest common factor of 20 and a?
10
Suppose -28 = -2*w - 5*c, 2*w = -c - 2*c + 20. Suppose -16 = -d + 5*t, 4*t + w = d - 10. What is the greatest common factor of d and 4?
2
Suppose 21 = -o - 2*z + 91, -2*z + 142 = 2*o. Let k = -1 + 5. Suppose 0 = k*p + 8, -5*n = -p + 2*p - 43. What is the highest common divisor of n and o?
9
Let c(x) = -2*x - 30. Let z be c(-17). What is the greatest common divisor of z and 8?
4
Let o = 0 + 16. Calculate the highest common divisor of o and 112.
16
Let c = 169 + -52. Calculate the highest common factor of c and 13.
13
Let s be 6/(3/(-4) + 1). Suppose q + q = s. Let v(b) = 12*b**2 + b - 1. Let u be v(1). What is the greatest common divisor of u and q?
12
Let l be 12/3*15/20. Suppose l*a = 4 - 1. What is the greatest common divisor of 2 and a?
1
Suppose 2*b = i + 11, -3*b + i = 5*i. What is the highest common divisor of b and 12?
4
Let d be (-4)/14 - 170/(-7). Suppose r + d = -r. Let k be ((-16)/r)/((-2)/(-15)). Calculate the highest common divisor of 90 and k.
10
Let u be (-21 - -22)/((-2)/(-104)). Suppose 4*m - m - 39 = 0. Calculate the greatest common factor of m and u.
13
Suppose -5*s + 31 = 2*a + 1, 23 = 2*s + 3*a. Suppose 3*p + 3*f = -12, -3*p + 2*f + 14 = 1. Calculate the greatest common factor of p and s.
1
Let a be ((-18)/8)/(3/(-8)). Calculate the highest common factor of 48 and a.
6
Let r be 2/(-6) - 148/6. Suppose -38 = d - t, 1 = -2*t + 3*t. Let s = r - d. What is the highest common divisor of 132 and s?
12
Let t be (-90)/(1*-3) + 0. Suppose 0 = -3*n + 2*n - t. Let l be (-16)/6*n/4. Calculate the highest common divisor of l and 220.
20
Suppose -2*n + 30 = 2*h, -2*h = 2*n - 3*n + 12. Suppose 36 = 5*o - n. Let p = 33 + 37. What is the highest common divisor of o and p?
10
Suppose -75 = -i - 15. Calculate the greatest common divisor of 40 and i.
20
Let t = 10 + -6. Let n(q) be the second derivative of q**4/12 - 2*q**3/3 + 3*q**2/2 + q. Let i be n(t). What is the greatest common divisor of i and 27?
3
Let u be ((-18)/10)/(45/(-225)). Let a be 3*3*(-14)/(-2). Calculate the greatest common factor of a and u.
9
Let w be ((-6)/(-15))/((-1)/(-30)). Calculate the greatest common factor of w and 4.
4
Suppose 5*d + 22 = 3*a, 4*d - 3 - 10 = -a. What i